{"id":523,"date":"2023-02-11T22:47:22","date_gmt":"2023-02-11T21:47:22","guid":{"rendered":"https:\/\/www.naturheilpraxis-larosa.de\/web\/?page_id=523"},"modified":"2023-02-12T10:49:17","modified_gmt":"2023-02-12T09:49:17","slug":"neurostrukturelle-integrationstechnik-nst-2-2-2-2-2-2","status":"publish","type":"page","link":"https:\/\/www.naturheilpraxis-larosa.de\/web\/neurostrukturelle-integrationstechnik-nst-2-2-2-2-2-2\/","title":{"rendered":"Professionelle Kinesiologie_neu"},"content":{"rendered":"\n<p class=\"has-medium-font-size wp-block-paragraph\"><strong>Professionelle Kinesiolgie<\/strong><\/p>\n\n\n\n<div style=\"height:40px\" aria-hidden=\"true\" class=\"wp-block-spacer\"><\/div>\n\n\n<style>#kt-layout-id_224cc3-6d > .kt-row-column-wrap{align-content:start;}:where(#kt-layout-id_224cc3-6d > .kt-row-column-wrap) > .wp-block-kadence-column{justify-content:start;}#kt-layout-id_224cc3-6d > .kt-row-column-wrap{column-gap:var(--global-kb-gap-md, 2rem);row-gap:var(--global-kb-gap-md, 2rem);padding-top:var( --global-kb-row-default-top, 25px );padding-bottom:var( --global-kb-row-default-bottom, 25px );padding-top:var(--global-kb-spacing-sm, 1.5rem);padding-bottom:var(--global-kb-spacing-sm, 1.5rem);grid-template-columns:minmax(0, 1fr);}#kt-layout-id_224cc3-6d{background-image:url('https:\/\/www.naturheilpraxis-larosa.de\/wp-content\/uploads\/2023\/02\/HomepageBanner.jpg');background-size:cover;background-position:55.00000000000001% 64%;background-attachment:fixed;background-repeat:no-repeat;}#kt-layout-id_224cc3-6d > .kt-row-layout-overlay{opacity:0.30;}@media all and (max-width: 1024px), only screen and (min-device-width: 1024px) and (max-device-width: 1366px) and (-webkit-min-device-pixel-ratio: 2) and (hover: none){#kt-layout-id_224cc3-6d{background-attachment:scroll;}}@media all and (max-width: 1024px){#kt-layout-id_224cc3-6d > .kt-row-column-wrap{grid-template-columns:minmax(0, 1fr);}}@media all and (max-width: 767px){#kt-layout-id_224cc3-6d > .kt-row-column-wrap{grid-template-columns:minmax(0, 1fr);}}<\/style>\n<div class=\"wp-block-kadence-rowlayout alignnone\"><div id=\"kt-layout-id_224cc3-6d\" class=\"kt-row-layout-inner kt-row-has-bg kt-layout-id_224cc3-6d kt-jarallax\"><div class=\"kt-row-column-wrap kt-has-1-columns kt-gutter-default kt-v-gutter-default kt-row-valign-top kt-row-layout-equal kt-tab-layout-inherit kt-m-colapse-left-to-right kt-mobile-layout-row\"><style>.kadence-column_6b216d-12 > .kt-inside-inner-col{padding-top:20px;padding-bottom:20px;padding-left:20px;padding-right:20px;}.kadence-column_6b216d-12 > .kt-inside-inner-col{border-top-width:0px;border-right-width:0px;border-bottom-width:0px;border-left-width:0px;}.kadence-column_6b216d-12 > .kt-inside-inner-col,.kadence-column_6b216d-12 > .kt-inside-inner-col:before{border-top-left-radius:0px;border-top-right-radius:0px;border-bottom-right-radius:0px;border-bottom-left-radius:0px;}.kadence-column_6b216d-12 > .kt-inside-inner-col{column-gap:var(--global-kb-gap-sm, 1rem);}.kadence-column_6b216d-12 > .kt-inside-inner-col{flex-direction:column;}.kadence-column_6b216d-12 > .kt-inside-inner-col > .aligncenter{width:100%;}.kadence-column_6b216d-12 > .kt-inside-inner-col{background-color:rgba(255, 255, 255, 0.67);}.kadence-column_6b216d-12 > .kt-inside-inner-col:before{opacity:0.3;}.kadence-column_6b216d-12{position:relative;}@media all and (max-width: 1024px){.kadence-column_6b216d-12 > .kt-inside-inner-col{flex-direction:column;justify-content:center;}}@media all and (max-width: 767px){.kadence-column_6b216d-12 > .kt-inside-inner-col{flex-direction:column;justify-content:center;}}<\/style>\n<div class=\"wp-block-kadence-column inner-column-1 kadence-column_6b216d-12\"><div class=\"kt-inside-inner-col\">\n<p class=\"wp-block-paragraph\"><strong>In meiner Praxis wende ich die professionelle neuseel\u00e4ndische Kinesiolgie (ICPKP) an, die ich Ihnen gerne nachfolgend erl\u00e4utere.<\/strong><\/p>\n\n\n\n<p class=\"wp-block-paragraph\"><strong>Der K\u00f6rper besitzt eine angeborene Heilenergie, die zu jeder Zeit ihr Bestes tut um sich selbst zu helfen. Je nach Situation und Blockade braucht der K\u00f6rper Hilfe, damit die eigenen<br>Selbstheilungskr\u00e4fte wieder vollkommen und selbstst\u00e4ndig funktionieren.<\/strong><\/p>\n\n\n\n<p class=\"wp-block-paragraph\"><strong>Die Kinesiologie erkennt, dass es Energiestr\u00f6me im K\u00f6rper gibt, die nicht nur mit den Muskeln zusammenh\u00e4ngen, sondern mit allen Organen und dem Gewebe. Diese Energiefl\u00fcsse k\u00f6nnen durch<br>Testen der Muskelfunktion ausgewertet werden. Die Muskeln reflektieren den allgemeinen Zustand des strukturellen, chemischen oder emotionalen Gleichgewichts im K\u00f6rper. Auf diese Weise erlangt die Kinesiologie Zugang zu Energien, die die konventionellen Methoden \u00fcbersehen. In dieser Hinsicht<br>hat Kinesiologie eine enge Verbindung mit dem Akupunkturkonzept des Energieflusses.<\/strong><\/p>\n\n\n\n<p class=\"wp-block-paragraph\"><strong>Wenn der Energiefluss als Folge von Verletzung, emotionalem Trauma, Ern\u00e4hrungsbelastung oder anderem unverarbeiteten Stress gest\u00f6rt ist, wird der ganze K\u00f6rper in Mitleidenschaft gezogen. Die exakte Ursache der Blockade im Energiefluss kann durch \u201eMuskeltests\u201c genau erkannt werden. Individuell angepasste Korrekturmethoden werden angewandt, um das Muskelgleichgewicht wiederherzustellen. Dies hat wiederum einen weiterreichenden Effekt auf die gesamte K\u00f6rperenergie.<\/strong><\/p>\n\n\n\n<p class=\"wp-block-paragraph\"><strong>Um die Energiebalance, die das Herz der Kiniesiologie ist, wieder herzustellen, muss man einen oder mehrere Stressfaktoren in Angriff nehmen, wie zum Beispiel:<\/strong><\/p>\n\n\n\n<ul class=\"wp-block-list\">\n<li><strong>Identifizieren eines Ern\u00e4hrungsmangel oder \u2013\u00fcberfluss<\/strong><\/li>\n\n\n\n<li><strong>Beseitigen einer negativen emotionalen Komponente<\/strong><\/li>\n\n\n\n<li><strong>Lindern eines Schmerzes<\/strong><\/li>\n\n\n\n<li><strong>Anregung von Muskelgruppen<\/strong><\/li>\n\n\n\n<li><strong>Verbesserung der geistigen und k\u00f6rperlichen Koordination<\/strong><\/li>\n<\/ul>\n\n\n\n<p class=\"wp-block-paragraph\"><strong>Anwendungsm\u00f6glichkeiten f\u00fcr die Kinesiologie:<\/strong><\/p>\n\n\n\n<p class=\"wp-block-paragraph\"><strong>Schmerzen, Stress, Konzentrationsst\u00f6rungen, Allergien, Nahrungsmittelunvertr\u00e4glichkeiten, etc.<\/strong><\/p>\n\n\n\n<p class=\"wp-block-paragraph\"><strong>ie Pneumatische Pulsationstherapie ist eine Art des Schr\u00f6pfens oder aber auch Saugmassage, in der durch pulsierende Wechselwirkung von Unterdruck und atmosph\u00e4rischem Druck das Gewebe in Schwingung gebracht wird.<\/strong><\/p>\n<\/div><\/div>\n<\/div><\/div><\/div>\n","protected":false},"excerpt":{"rendered":"<p>Professionelle Kinesiolgie In meiner Praxis wende ich die professionelle neuseel\u00e4ndische Kinesiolgie (ICPKP) an, die ich Ihnen gerne nachfolgend erl\u00e4utere. Der K\u00f6rper besitzt eine angeborene Heilenergie, die zu jeder Zeit ihr Bestes tut um sich selbst zu helfen. Je nach Situation und Blockade braucht der K\u00f6rper Hilfe, damit die eigenenSelbstheilungskr\u00e4fte wieder vollkommen und selbstst\u00e4ndig funktionieren. Die [&hellip;]<\/p>\n","protected":false},"author":4,"featured_media":0,"parent":0,"menu_order":0,"comment_status":"closed","ping_status":"closed","template":"","meta":{"_crdt_document":"","site-sidebar-layout":"default","site-content-layout":"","ast-site-content-layout":"default","site-content-style":"default","site-sidebar-style":"default","ast-global-header-display":"","ast-banner-title-visibility":"","ast-main-header-display":"","ast-hfb-above-header-display":"","ast-hfb-below-header-display":"","ast-hfb-mobile-header-display":"","site-post-title":"disabled","ast-breadcrumbs-content":"","ast-featured-img":"","footer-sml-layout":"","ast-disable-related-posts":"","theme-transparent-header-meta":"","adv-header-id-meta":"","stick-header-meta":"","header-above-stick-meta":"","header-main-stick-meta":"","header-below-stick-meta":"","astra-migrate-meta-layouts":"default","ast-page-background-enabled":"default","ast-page-background-meta":{"desktop":{"background-color":"var(--ast-global-color-4)","background-image":"","background-repeat":"repeat","background-position":"center center","background-size":"auto","background-attachment":"scroll","background-type":"","background-media":"","overlay-type":"","overlay-color":"","overlay-opacity":"","overlay-gradient":""},"tablet":{"background-color":"","background-image":"","background-repeat":"repeat","background-position":"center center","background-size":"auto","background-attachment":"scroll","background-type":"","background-media":"","overlay-type":"","overlay-color":"","overlay-opacity":"","overlay-gradient":""},"mobile":{"background-color":"","background-image":"","background-repeat":"repeat","background-position":"center center","background-size":"auto","background-attachment":"scroll","background-type":"","background-media":"","overlay-type":"","overlay-color":"","overlay-opacity":"","overlay-gradient":""}},"ast-content-background-meta":{"desktop":{"background-color":"var(--ast-global-color-5)","background-image":"","background-repeat":"repeat","background-position":"center center","background-size":"auto","background-attachment":"scroll","background-type":"","background-media":"","overlay-type":"","overlay-color":"","overlay-opacity":"","overlay-gradient":""},"tablet":{"background-color":"var(--ast-global-color-5)","background-image":"","background-repeat":"repeat","background-position":"center center","background-size":"auto","background-attachment":"scroll","background-type":"","background-media":"","overlay-type":"","overlay-color":"","overlay-opacity":"","overlay-gradient":""},"mobile":{"background-color":"var(--ast-global-color-5)","background-image":"","background-repeat":"repeat","background-position":"center center","background-size":"auto","background-attachment":"scroll","background-type":"","background-media":"","overlay-type":"","overlay-color":"","overlay-opacity":"","overlay-gradient":""}},"_kadence_starter_templates_imported_post":false,"footnotes":""},"class_list":["post-523","page","type-page","status-publish","hentry"],"_links":{"self":[{"href":"https:\/\/www.naturheilpraxis-larosa.de\/web\/wp-json\/wp\/v2\/pages\/523","targetHints":{"allow":["GET"]}}],"collection":[{"href":"https:\/\/www.naturheilpraxis-larosa.de\/web\/wp-json\/wp\/v2\/pages"}],"about":[{"href":"https:\/\/www.naturheilpraxis-larosa.de\/web\/wp-json\/wp\/v2\/types\/page"}],"author":[{"embeddable":true,"href":"https:\/\/www.naturheilpraxis-larosa.de\/web\/wp-json\/wp\/v2\/users\/4"}],"replies":[{"embeddable":true,"href":"https:\/\/www.naturheilpraxis-larosa.de\/web\/wp-json\/wp\/v2\/comments?post=523"}],"version-history":[{"count":2,"href":"https:\/\/www.naturheilpraxis-larosa.de\/web\/wp-json\/wp\/v2\/pages\/523\/revisions"}],"predecessor-version":[{"id":603,"href":"https:\/\/www.naturheilpraxis-larosa.de\/web\/wp-json\/wp\/v2\/pages\/523\/revisions\/603"}],"wp:attachment":[{"href":"https:\/\/www.naturheilpraxis-larosa.de\/web\/wp-json\/wp\/v2\/media?parent=523"}],"curies":[{"name":"wp","href":"https:\/\/api.w.org\/{rel}","templated":true}]}}