{"id":444,"date":"2023-02-11T20:35:39","date_gmt":"2023-02-11T19:35:39","guid":{"rendered":"https:\/\/www.naturheilpraxis-larosa.de\/web\/?page_id=444"},"modified":"2023-02-12T10:46:14","modified_gmt":"2023-02-12T09:46:14","slug":"neurostrukturelle-integrationstechnik-nst-2","status":"publish","type":"page","link":"https:\/\/www.naturheilpraxis-larosa.de\/web\/neurostrukturelle-integrationstechnik-nst-2\/","title":{"rendered":"Neurostrukturelle Integrationstechnik (NST)_ neu"},"content":{"rendered":"\n<h2 class=\"has-text-align-center has-medium-font-size wp-block-heading\"><strong>Neurostrukturelle Integrationstechnik (NST)<\/strong><\/h2>\n\n\n<style>#kt-layout-id_224cc3-6d > .kt-row-column-wrap{align-content:start;}:where(#kt-layout-id_224cc3-6d > .kt-row-column-wrap) > .wp-block-kadence-column{justify-content:start;}#kt-layout-id_224cc3-6d > .kt-row-column-wrap{column-gap:var(--global-kb-gap-md, 2rem);row-gap:var(--global-kb-gap-md, 2rem);padding-top:var( --global-kb-row-default-top, 25px );padding-bottom:var( --global-kb-row-default-bottom, 25px );padding-top:var(--global-kb-spacing-sm, 1.5rem);padding-bottom:var(--global-kb-spacing-sm, 1.5rem);grid-template-columns:minmax(0, 1fr);}#kt-layout-id_224cc3-6d{background-image:url('https:\/\/www.naturheilpraxis-larosa.de\/wp-content\/uploads\/2023\/02\/HomepageBanner.jpg');background-size:cover;background-position:55.00000000000001% 64%;background-attachment:fixed;background-repeat:no-repeat;}#kt-layout-id_224cc3-6d > .kt-row-layout-overlay{opacity:0.30;}@media all and (max-width: 1024px), only screen and (min-device-width: 1024px) and (max-device-width: 1366px) and (-webkit-min-device-pixel-ratio: 2) and (hover: none){#kt-layout-id_224cc3-6d{background-attachment:scroll;}}@media all and (max-width: 1024px){#kt-layout-id_224cc3-6d > .kt-row-column-wrap{grid-template-columns:minmax(0, 1fr);}}@media all and (max-width: 767px){#kt-layout-id_224cc3-6d > .kt-row-column-wrap{grid-template-columns:minmax(0, 1fr);}}<\/style>\n<div class=\"wp-block-kadence-rowlayout alignnone\"><div id=\"kt-layout-id_224cc3-6d\" class=\"kt-row-layout-inner kt-row-has-bg kt-layout-id_224cc3-6d kt-jarallax\"><div class=\"kt-row-column-wrap kt-has-1-columns kt-gutter-default kt-v-gutter-default kt-row-valign-top kt-row-layout-equal kt-tab-layout-inherit kt-m-colapse-left-to-right kt-mobile-layout-row\"><style>.kadence-column_6b216d-12 > .kt-inside-inner-col{padding-top:20px;padding-bottom:20px;padding-left:20px;padding-right:20px;}.kadence-column_6b216d-12 > .kt-inside-inner-col{border-top-width:0px;border-right-width:0px;border-bottom-width:0px;border-left-width:0px;}.kadence-column_6b216d-12 > .kt-inside-inner-col,.kadence-column_6b216d-12 > .kt-inside-inner-col:before{border-top-left-radius:0px;border-top-right-radius:0px;border-bottom-right-radius:0px;border-bottom-left-radius:0px;}.kadence-column_6b216d-12 > .kt-inside-inner-col{column-gap:var(--global-kb-gap-sm, 1rem);}.kadence-column_6b216d-12 > .kt-inside-inner-col{flex-direction:column;}.kadence-column_6b216d-12 > .kt-inside-inner-col > .aligncenter{width:100%;}.kadence-column_6b216d-12 > .kt-inside-inner-col{background-color:rgba(255, 255, 255, 0.67);}.kadence-column_6b216d-12 > .kt-inside-inner-col:before{opacity:0.3;}.kadence-column_6b216d-12{position:relative;}@media all and (max-width: 1024px){.kadence-column_6b216d-12 > .kt-inside-inner-col{flex-direction:column;justify-content:center;}}@media all and (max-width: 767px){.kadence-column_6b216d-12 > .kt-inside-inner-col{flex-direction:column;justify-content:center;}}<\/style>\n<div class=\"wp-block-kadence-column inner-column-1 kadence-column_6b216d-12\"><div class=\"kt-inside-inner-col\">\n<p class=\"wp-block-paragraph\"><b>Was ist Neurostrukturelle Integrationstechnik (NST)?<\/b><br>NST ist eine manuelle dynamische (Ganz-) K\u00f6rperarbeitstechnik, die die k\u00f6rpereigenen Selbstheilungskr\u00e4fte aktiviert. Sie reorganisiert die Muskulatur des K\u00f6rpers, die zu einer langanhaltenden Schmerzfreiheit, Beschwerdefreiheit und erh\u00f6htes Energieniveau f\u00fchren kann.<br>Die NST ist eigentlich eine Bindegewebstherapie. Sie besteht aus spezifischen Handgriffen an Muskeln, Sehnen, Nerven und B\u00e4ndern. Die Ruhepausen zwischen bestimmte Abfolgen dienen dazu, den K\u00f6rper zu erlauben auf die NST zu reagieren.<br><br>Der K\u00f6rper nimmt die Reize energetisch, muskul\u00e4r und \u00fcber das Nervensystem wahr und leitet diese weiter. Vorhandenen Blockaden (Hauptblockaden, wie Stei\u00dfbein, Becken und Kiefergelenk) werden dadurch gel\u00f6st und der K\u00f6rper entspannt sich. Das Hauptziel dieser Therapieform ist den K\u00f6rper als Ganzes neu einzustellen.<br><br>Der Ursprung der NST kommt aus Australien, von dem Osteopathen Thomas Ambrose Bowen (1916 \u2013 1982), der auf Grund seines Erfolges gro\u00dfes Ansehen genoss. Er bildete insgesamt 6 Sch\u00fcler aus.Der Australier Michael J. Nixon-Livy \u00fcbernahm 1991 die herausfordernde Aufgabe, Bowens Arbeit, zusammen mit zwei Sch\u00fcler von Bowen, zu entschl\u00fcsseln. 1995 hatte Nixon-Livy seine Nachforschungen abgeschlossen und aus Bowens fortgeschrittenen Prinzipien ein System zusammengestellt bzw. diese Technik weiter entwickelt. Die NST habe ich in der Zeit von 1999-2002 bei Herr Nixon-Livy erlernt. Seit \u00fcber 10 Jahre wende ich nun NST an und bin von dieser effektiven Methode \u00fcberzeugt.<\/p>\n\n\n\n<p class=\"wp-block-paragraph\"><br>Hier finden Sie Beschwerden die mit der Neurostrukturellen Integrationstechnik behoben oder gelindert werden k\u00f6nnen:<br>Bandscheibenvorfall<br>H\u00fcftschmerzen, Knieschmerzen, Fersensporn<\/p>\n\n\n\n<ul class=\"wp-block-list\">\n<li>\n<p align=\"left\">Beckenschiefstand \/ Beinl\u00e4ngendifferenz<\/p>\n<\/li>\n<\/ul>\n\n\n\n<ul class=\"wp-block-list\">\n<li>\n<p align=\"left\">Probleme im Bereich des Stei\u00dfbeins und Kiefergelenk<\/p>\n<\/li>\n<\/ul>\n\n\n\n<ul class=\"wp-block-list\">\n<li>\n<p align=\"left\">Wirbels\u00e4ulenverkr\u00fcmmung<\/p>\n<\/li>\n<\/ul>\n\n\n\n<ul class=\"wp-block-list\">\n<li>\n<p align=\"left\">Schulter-Nacken-Verspannung<\/p>\n<\/li>\n<\/ul>\n\n\n\n<ul class=\"wp-block-list\">\n<li>\n<p align=\"left\">Kopfschmerzen, Migr\u00e4ne<\/p>\n<\/li>\n<\/ul>\n\n\n\n<ul class=\"wp-block-list\">\n<li>\n<p align=\"left\">Organische Schmerzen ohne Befund, wie z.B.<br>Herzschmerzen, Magenschmerzen, Unterleibschmerzen, Ischialgien, sowie auch Zahn-, Augen- und Ohrenprobleme<\/p>\n<\/li>\n<\/ul>\n\n\n\n<ul class=\"wp-block-list\">\n<li> <p align=\"left\">Schleudertrauma<\/p> <\/li>\n\n\n\n<li> <p align=\"left\">M\u00fcdigkeit<\/p> <\/li>\n\n\n\n<li> <p align=\"left\">Senkungsbeschwerden (bei Frauen nach der Geburt)<\/p><\/li>\n<\/ul>\n\n\n\n<p class=\"wp-block-paragraph\">Speziell bei Kindern:<br>Kopfschmerzen, R\u00fcckenschmerzen, Schlafst\u00f6rungen, Spangentr\u00e4ger, Konzentrations- und Aufmerksamkeitsst\u00f6rungen, Geburtstrauma, Schiefhals, Schrei- und Spuckbabies, Koliken, Zahnungsbeschwerden, k\u00f6rperliche und geistige Entwicklungsst\u00f6rungen wie sp\u00e4tes Reden, sp\u00e4tes Krabbeln, sp\u00e4tes Laufen, Wachstumsst\u00f6rungen.<\/p>\n\n\n\n<p class=\"wp-block-paragraph\"><br>Die <b>Neurostrukturelle Integrationstechnik<\/b> ist eine Technik, die keine Kontraindikationen hat und f\u00fcr <b>alle Altersstufen<\/b> angenehm und vertr\u00e4glich ist, vom Neugeborenen bis hin zu \u00e4lteren Menschen.<\/p>\n\n\n\n<p class=\"wp-block-paragraph\"><br>Um noch mehr auf die Bed\u00fcrfnisse und die verschieden starken Beschwerden und Blockaden eingehen zu k\u00f6nnen, kombiniere ich die NST mit individuellen anderen Therapieverfahren, wie zum Beispiel:<\/p>\n\n\n\n<p class=\"wp-block-paragraph\">Dorn-Hock-Methode<\/p>\n\n\n\n<ul class=\"wp-block-list\">\n<li> <p align=\"left\">Das angez\u00fcndete Moxa leitet die W\u00e4rme tief in das &#8222;Geschehen&#8220; \/ Schmerz.<\/p><\/li>\n\n\n\n<li> <p align=\"left\">Hom\u00f6opathie, Sch\u00fc\u00dfler Salze, Bach-Bl\u00fcten-Therapie<\/p><\/li>\n\n\n\n<li> <p align=\"left\">professionelle Neuseel\u00e4ndische Kinesiologie (ICPKP)<\/p><\/li>\n\n\n\n<li> <p align=\"left\">Kiefergelenkbalance<span style=\"color: var(--ast-global-color-2); background-color: transparent; font-size: 1rem;\"> <\/span><\/p><\/li>\n\n\n\n<li> <p align=\"left\">Narbentherapie (Narben st\u00f6ren den Organismus in seiner Funktion), z.B. durch Unterspritzen, Kinesiologie, etc.<span style=\"color: var(--ast-global-color-2); background-color: transparent; font-size: 1rem;\"> <\/span><\/p><\/li>\n\n\n\n<li> <p align=\"left\">Gua Sha<\/p><\/li>\n\n\n\n<li> <p align=\"left\">Pneumatische Pulsationstherapie nach Deny<\/p><\/li>\n\n\n\n<li> <p align=\"left\">l\u00f6sungsorientierte Hypnotherapie<\/p><\/li>\n<\/ul>\n\n\n\n<p class=\"wp-block-paragraph\"><\/p>\n<\/div><\/div>\n<\/div><\/div><\/div>\n","protected":false},"excerpt":{"rendered":"<p>Neurostrukturelle Integrationstechnik (NST) Was ist Neurostrukturelle Integrationstechnik (NST)?NST ist eine manuelle dynamische (Ganz-) K\u00f6rperarbeitstechnik, die die k\u00f6rpereigenen Selbstheilungskr\u00e4fte aktiviert. Sie reorganisiert die Muskulatur des K\u00f6rpers, die zu einer langanhaltenden Schmerzfreiheit, Beschwerdefreiheit und erh\u00f6htes Energieniveau f\u00fchren kann.Die NST ist eigentlich eine Bindegewebstherapie. Sie besteht aus spezifischen Handgriffen an Muskeln, Sehnen, Nerven und B\u00e4ndern. Die Ruhepausen zwischen [&hellip;]<\/p>\n","protected":false},"author":4,"featured_media":0,"parent":0,"menu_order":0,"comment_status":"closed","ping_status":"closed","template":"","meta":{"_crdt_document":"","site-sidebar-layout":"default","site-content-layout":"","ast-site-content-layout":"default","site-content-style":"default","site-sidebar-style":"default","ast-global-header-display":"","ast-banner-title-visibility":"","ast-main-header-display":"","ast-hfb-above-header-display":"","ast-hfb-below-header-display":"","ast-hfb-mobile-header-display":"","site-post-title":"disabled","ast-breadcrumbs-content":"","ast-featured-img":"","footer-sml-layout":"","ast-disable-related-posts":"","theme-transparent-header-meta":"","adv-header-id-meta":"","stick-header-meta":"","header-above-stick-meta":"","header-main-stick-meta":"","header-below-stick-meta":"","astra-migrate-meta-layouts":"default","ast-page-background-enabled":"default","ast-page-background-meta":{"desktop":{"background-color":"var(--ast-global-color-4)","background-image":"","background-repeat":"repeat","background-position":"center center","background-size":"auto","background-attachment":"scroll","background-type":"","background-media":"","overlay-type":"","overlay-color":"","overlay-opacity":"","overlay-gradient":""},"tablet":{"background-color":"","background-image":"","background-repeat":"repeat","background-position":"center center","background-size":"auto","background-attachment":"scroll","background-type":"","background-media":"","overlay-type":"","overlay-color":"","overlay-opacity":"","overlay-gradient":""},"mobile":{"background-color":"","background-image":"","background-repeat":"repeat","background-position":"center center","background-size":"auto","background-attachment":"scroll","background-type":"","background-media":"","overlay-type":"","overlay-color":"","overlay-opacity":"","overlay-gradient":""}},"ast-content-background-meta":{"desktop":{"background-color":"var(--ast-global-color-5)","background-image":"","background-repeat":"repeat","background-position":"center center","background-size":"auto","background-attachment":"scroll","background-type":"","background-media":"","overlay-type":"","overlay-color":"","overlay-opacity":"","overlay-gradient":""},"tablet":{"background-color":"var(--ast-global-color-5)","background-image":"","background-repeat":"repeat","background-position":"center center","background-size":"auto","background-attachment":"scroll","background-type":"","background-media":"","overlay-type":"","overlay-color":"","overlay-opacity":"","overlay-gradient":""},"mobile":{"background-color":"var(--ast-global-color-5)","background-image":"","background-repeat":"repeat","background-position":"center center","background-size":"auto","background-attachment":"scroll","background-type":"","background-media":"","overlay-type":"","overlay-color":"","overlay-opacity":"","overlay-gradient":""}},"_kadence_starter_templates_imported_post":false,"footnotes":""},"class_list":["post-444","page","type-page","status-publish","hentry"],"_links":{"self":[{"href":"https:\/\/www.naturheilpraxis-larosa.de\/web\/wp-json\/wp\/v2\/pages\/444","targetHints":{"allow":["GET"]}}],"collection":[{"href":"https:\/\/www.naturheilpraxis-larosa.de\/web\/wp-json\/wp\/v2\/pages"}],"about":[{"href":"https:\/\/www.naturheilpraxis-larosa.de\/web\/wp-json\/wp\/v2\/types\/page"}],"author":[{"embeddable":true,"href":"https:\/\/www.naturheilpraxis-larosa.de\/web\/wp-json\/wp\/v2\/users\/4"}],"replies":[{"embeddable":true,"href":"https:\/\/www.naturheilpraxis-larosa.de\/web\/wp-json\/wp\/v2\/comments?post=444"}],"version-history":[{"count":18,"href":"https:\/\/www.naturheilpraxis-larosa.de\/web\/wp-json\/wp\/v2\/pages\/444\/revisions"}],"predecessor-version":[{"id":599,"href":"https:\/\/www.naturheilpraxis-larosa.de\/web\/wp-json\/wp\/v2\/pages\/444\/revisions\/599"}],"wp:attachment":[{"href":"https:\/\/www.naturheilpraxis-larosa.de\/web\/wp-json\/wp\/v2\/media?parent=444"}],"curies":[{"name":"wp","href":"https:\/\/api.w.org\/{rel}","templated":true}]}}